{"id":1472,"date":"2025-09-08T22:38:50","date_gmt":"2025-09-09T01:38:50","guid":{"rendered":"https:\/\/ecologiashibridas.cl\/?page_id=1472"},"modified":"2025-10-11T17:14:10","modified_gmt":"2025-10-11T20:14:10","slug":"inteligencia-del-agua","status":"publish","type":"page","link":"https:\/\/ecologiashibridas.cl\/index.php\/inteligencia-del-agua\/","title":{"rendered":"Inteligencia del Agua"},"content":{"rendered":"<div class=\"bm-builder clearfix \"><div id=\"\" class=\"module col-12 module-id-1745528067793 col-offset-0\" data-module-col=\"12\"><div class=\"module-inside text-inside\" style=\"--top-mod: 0px;--bottom-mod: 0px;--top-mod-t: 60px;--bottom-mod-t: 0px;--top-mod-m:30px;--bottom-mod-m:0px;\" ><div class=\"text_block_out\"  data-effect=\"standard\" style=\"\"><div class=\"text_block ux-mod-nobg\"><div class=\"text_block_inn\"><div id=\"text-1745528067793\" class=\"text_block_centered text_block_centered_enable_width\"  style=\"\"><h5 style=\"text-align: center;\"><span style=\"font-family: ux-font-1700496875872; color: #645f5b;\">Inteligencia del Agua<\/span><\/h5><\/div><\/div><\/div><\/div><\/div><\/div><div id=\"\" class=\"module col-8 module-id-1758653364237 col-offset-2\" data-module-col=\"8\"><div class=\"module-inside text-inside\" style=\"--top-mod: 20px;--bottom-mod: 0px;--top-mod-t: 20px;--bottom-mod-t: 0px;--top-mod-m:10px;--bottom-mod-m:0px;\" ><div class=\"text_block_out\"  data-effect=\"standard\" style=\"\"><div class=\"text_block ux-mod-nobg\"><div class=\"text_block_inn\"><div id=\"text-1758653364237\" class=\"text_block_centered text_block_centered_enable_width\"  style=\"\"><h1 style=\"text-align: center;\"><span style=\"color: #0054ec;\">\u00bfC\u00f3mo comprender entonces la inteligencia del agua?<\/span><\/h1><\/div><\/div><\/div><\/div><\/div><\/div><div id=\"\" class=\"module col-6 module-id-1756169082094 col-offset-1\" data-module-col=\"6\"><div class=\"module-inside text-inside\" style=\"--top-mod: 100px;--bottom-mod: 20px;--top-mod-t: 100px;--bottom-mod-t: 20px;--top-mod-m:30px;--bottom-mod-m:10px;\" ><div class=\"text_block_out\"  data-effect=\"standard\" style=\"\"><div class=\"text_block ux-mod-nobg\"><div class=\"text_block_inn\"><div id=\"text-1756169082094\" class=\"text_block_centered text_block_centered_enable_width\"  style=\"\"><p style=\"text-align: left;\"><strong>Generative exploration of water\u2019s intelligences<\/strong><\/p>\n<p>&nbsp;<\/p>\n<p>\u00bfPodemos imaginar una inteligencia artificial que, en lugar de limitarse a extraer recursos del planeta, establezca v\u00ednculos de reciprocidad con los ecosistemas que la sostienen? \u00bfEs posible concebir una IA que no olvide sus or\u00edgenes materiales y terrestres, y que responda a ellos mediante actos de cuidado, reconocimiento y reparaci\u00f3n? \u00bfPuede la inteligencia artificial convertirse en una herramienta de diplomacia interespecie, mediando entre formas de vida humanas y no humanas para abrir espacios de escucha, cuidado y cohabitaci\u00f3n en un planeta com\u00fan?<\/p>\n<p>&nbsp;<\/p>\n<p>Estas preguntas est\u00e1n en el coraz\u00f3n de <em>Hybrid Ecologies: The Planetary Metabolism of AI<\/em>, una instalaci\u00f3n que indaga en el papel vital del agua en el funcionamiento y expansi\u00f3n de la inteligencia artificial. Presente en grandes vol\u00famenes para enfriar centros de datos, el agua sostiene silenciosamente el metabolismo de la IA.<\/p>\n<p>&nbsp;<\/p>\n<p>Sin embargo, la relevancia del agua no se reduce a su dimensi\u00f3n t\u00e9cnica: es tambi\u00e9n una entidad viva, capaz de portar memorias, entrelazar territorios y modelar paisajes. Repensar nuestra relaci\u00f3n con ella implica ir m\u00e1s all\u00e1 de una visi\u00f3n puramente instrumental y abrirnos a formas de convivencia m\u00e1s respetuosas y colaborativas. En este marco, las infraestructuras digitales que sostienen a la sociedad contempor\u00e1nea generan una deuda con el agua \u2014una deuda que no puede saldarse \u00fanicamente con mejoras de eficiencia o con innovaciones tecnol\u00f3gicas\u2014. Lo que se requiere es reimaginar pr\u00e1cticas de reparaci\u00f3n, tanto materiales como simb\u00f3licas, que reconozcan su inteligencia ambiental y su papel insustituible en la habitabilidad del planeta.<\/p><\/div><\/div><\/div><\/div><\/div><\/div><div id=\"\" class=\"module col-6 module-id-1757379306928VJy4m col-offset-1\" data-module-col=\"6\"><div class=\"module-inside text-inside\" style=\"--top-mod: 100px;--bottom-mod: 20px;--top-mod-t: 100px;--bottom-mod-t: 20px;--top-mod-m:50px;--bottom-mod-m:10px;\" ><div class=\"text_block_out\"  data-effect=\"standard\" style=\"\"><div class=\"text_block ux-mod-nobg\"><div class=\"text_block_inn\"><div id=\"text-1757379306928VJy4m\" class=\"text_block_centered text_block_centered_enable_width\"  style=\"\"><p>Desde esta perspectiva, proponemos que la inteligencia artificial se convierta en una herramienta para imaginar nuevas formas de coexistencia entre seres humanos, tecnolog\u00edas y entornos naturales. No basta con que la IA ofrezca respuestas t\u00e9cnicas al cambio clim\u00e1tico; es fundamental que contribuya a reconocer la diversidad de formas de inteligencia que habitan el planeta y a generar futuros m\u00e1s sostenibles.<\/p><\/div><\/div><\/div><\/div><\/div><\/div><div id=\"\" class=\"module col-6 module-id-1757379223674 col-offset-6\" data-module-col=\"6\"><div class=\"module-inside text-inside\" style=\"--top-mod: 100px;--bottom-mod: 20px;--top-mod-t: 100px;--bottom-mod-t: 20px;--top-mod-m:50px;--bottom-mod-m:10px;\" ><div class=\"text_block_out\"  data-effect=\"standard\" style=\"\"><div class=\"text_block ux-mod-nobg\"><div class=\"text_block_inn\"><div id=\"text-1757379223674\" class=\"text_block_centered text_block_centered_enable_width\"  style=\"\"><h4><span style=\"color: #0054ec;\">En suma, al poner a trabajar la IA para traducir la inteligencia del agua, buscamos amplificar sus patrones y modos de existencia, y abrir espacios de escucha que nos inviten a reconfigurar nuestra relaci\u00f3n con lo viviente desde el cuidado, la reciprocidad y la interdependencia.<\/span><\/h4><\/div><\/div><\/div><\/div><\/div><\/div><div id=\"\" class=\"module col-8 module-id-1756171428416 col-offset-2\" data-module-col=\"8\"><div class=\"module-inside single-image-inside\" style=\"--cornerRadius:0px 0px 0px 0px ; --top-mod: 100px;--bottom-mod: 40px;--top-mod-t: 80px;--bottom-mod-t: 40px;--top-mod-m:40px;--bottom-mod-m:20px;\" ><div class=\"single-image-out  \"  ><figure class=\"single-image   single-image-full   \" no><div class=\"ux-hover-wrap anima-wrap\" style=\"padding-top: 248.22222222222%;\"><span class=\"ux-hover-wrap-a\"><img loading=\"lazy\" decoding=\"async\" alt=\"EH Diagrama Web\" class=\"single-image-img img1st lazy \" src=\"data:image\/gif;base64,R0lGODlhAQABAIAAAAAAAP\/\/\/yH5BAEAAAAALAAAAAABAAEAAAIBRAA7\" data-src=\"https:\/\/ecologiashibridas.cl\/wp-content\/uploads\/2025\/04\/EH-Diagrama-Web.png\" data-srcset=\"https:\/\/ecologiashibridas.cl\/wp-content\/uploads\/2025\/04\/EH-Diagrama-Web.png 2250w, https:\/\/ecologiashibridas.cl\/wp-content\/uploads\/2025\/04\/EH-Diagrama-Web-121x300.png 121w, https:\/\/ecologiashibridas.cl\/wp-content\/uploads\/2025\/04\/EH-Diagrama-Web-413x1024.png 413w, https:\/\/ecologiashibridas.cl\/wp-content\/uploads\/2025\/04\/EH-Diagrama-Web-768x1906.png 768w, https:\/\/ecologiashibridas.cl\/wp-content\/uploads\/2025\/04\/EH-Diagrama-Web-619x1536.png 619w, https:\/\/ecologiashibridas.cl\/wp-content\/uploads\/2025\/04\/EH-Diagrama-Web-825x2048.png 825w, https:\/\/ecologiashibridas.cl\/wp-content\/uploads\/2025\/04\/EH-Diagrama-Web-350x869.png 350w, https:\/\/ecologiashibridas.cl\/wp-content\/uploads\/2025\/04\/EH-Diagrama-Web-650x1613.png 650w, https:\/\/ecologiashibridas.cl\/wp-content\/uploads\/2025\/04\/EH-Diagrama-Web-1000x2482.png 1000w, https:\/\/ecologiashibridas.cl\/wp-content\/uploads\/2025\/04\/EH-Diagrama-Web-2000x4964.png 2000w\" data-sizes=\"(max-width: 480px) 320px,(max-width: 767px) 500px,(max-width: 2250px) 100vw, 2250px\" width=\"2250\" height=\"5585\" \/><\/span><\/div><\/figure><\/div><\/div><\/div><div id=\"\" class=\"module col-5 module-id-1756171674193 col-offset-1\" data-module-col=\"5\"><div class=\"module-inside text-inside\" style=\"--top-mod: 40px;--bottom-mod: 0px;--top-mod-t: 40px;--bottom-mod-t: 0px;--top-mod-m:20px;--bottom-mod-m:0px;\" ><div class=\"text_block_out\"  data-effect=\"standard\" style=\"\"><div class=\"text_block ux-mod-nobg\"><div class=\"text_block_inn\"><div id=\"text-1756171674193\" class=\"text_block_centered text_block_centered_enable_width\"  style=\"\"><p><span style=\"font-family: ux-font-1700496949247; font-size: 16px; line-height: 1;\"><span style=\"color: #0054ec;\">Diagrama de Taxonom\u00edas del Agua.<\/span><\/span><\/p>\n<p><span style=\"font-family: ux-font-1700496949247; font-size: 16px; line-height: 1;\">Elaboraci\u00f3n propia.<\/span><\/p><\/div><\/div><\/div><\/div><\/div><\/div><div id=\"\" class=\"module col-6 module-id-1756171023413 col-offset-1\" data-module-col=\"6\"><div class=\"module-inside text-inside\" style=\"--top-mod: 100px;--bottom-mod: 100px;--top-mod-t: 100px;--bottom-mod-t: 20px;--top-mod-m:50px;--bottom-mod-m:10px;\" ><div class=\"text_block_out\"  data-effect=\"standard\" style=\"\"><div class=\"text_block ux-mod-nobg\"><div class=\"text_block_inn\"><div id=\"text-1756171023413\" class=\"text_block_centered text_block_centered_enable_width\"  style=\"\"><p><strong>Hacia una taxonom\u00eda (incompleta) de las inteligencias del agua.<\/strong><\/p>\n<p>&nbsp;<\/p>\n<p><span style=\"letter-spacing: 0px; font-family: ux-font-1700496949247;\">i. Propiedades Fisicoqu\u00edmicas<\/span><\/p>\n<p>Para lograr que la IA amplifique y traduzca la inteligencia del agua, propusimos cuatro grandes familias que ordenaron los conceptos que dan cuerpo a la instalaci\u00f3n. En primer lugar, y antes de reconocer la inteligencia del agua como una entidad relacional, fue necesario identificar las caracter\u00edsticas propias del agua que permiten que \u00e9sta constituya v\u00ednculos con otras. En la primera familia, reconocemos las <em>propiedades fisicoqu\u00edmicas,<\/em> es decir, los comportamientos de las mol\u00e9culas de H2O que permiten y condicionan las relaciones de \u00e9stas con otras entidades.<\/p>\n<p>&nbsp;<\/p>\n<p>Las otras tres familias de conceptos est\u00e1n determinadas por la relaci\u00f3n que mantiene el agua con <em>la tierra, los seres vivos y espec\u00edficamente con los humanos.<\/em><\/p>\n<p>&nbsp;<\/p>\n<p><span style=\"font-family: ux-font-1700496949247;\">ii. Formas (del agua) en la Naturaleza<\/span><\/p>\n<p>A partir de la relaci\u00f3n del agua con <em>la Tierra<\/em> propusimos dos familias en nuestra taxonom\u00eda inicial; la primera tiene que ver con los fen\u00f3menos c\u00edclicos en el planeta respecto a sus procesos clim\u00e1ticos y la llamamos <em>Ciclo Hidrol\u00f3gico.<\/em> La segunda comprende las afecciones territoriales, estas se refieren a las formaciones de grandes cuerpos de agua y la definimos como <em>Formas (del agua) en la Naturaleza.<\/em><\/p>\n<p>&nbsp;<\/p>\n<p><span style=\"font-family: ux-font-1700496949247;\">iii. Procesos Vitales<\/span><br>La relaci\u00f3n con los <em>seres vivos<\/em> reflexiona sobre el rol que juega el agua en la vida de las especies, los cuerpos y sus procesos vitales. En ellos el agua aparece como componente fundamental, medio y resultado, por lo que aqu\u00ed las agrupamos bajo el nombre de <em>Procesos Vitales. <\/em><\/p><\/div><\/div><\/div><\/div><\/div><\/div><div id=\"\" class=\"module col-12 module-id-1760214142722\" data-module-col=\"12\"><div class=\"module-inside divide-inside\" style=\"--top-mod: 0px;--bottom-mod: 0px;--top-mod-t: 0px;--bottom-mod-t: 0px;--top-mod-m:0px;--bottom-mod-m:0px;\" ><div class=\"sea-divide divide-blank\"><\/div><\/div><\/div><div id=\"\" class=\"module col-0 module-id-1760213615314\" data-module-col=\"0\"><div class=\"module-inside single-image-inside\" style=\"--cornerRadius:0px 0px 0px 0px ; --top-mod: 0px;--bottom-mod: 0px;--top-mod-t: 0px;--bottom-mod-t: 0px;--top-mod-m:0px;--bottom-mod-m:0px;\" ><div class=\"single-image-out  \"  ><figure class=\"single-image   single-image-full   \" no><div class=\"ux-hover-wrap anima-wrap\" style=\"padding-top: 26.640625%;\"><span class=\"ux-hover-wrap-a\"><img loading=\"lazy\" decoding=\"async\" alt=\"footer4-02\" class=\"single-image-img img1st lazy \" src=\"data:image\/gif;base64,R0lGODlhAQABAIAAAAAAAP\/\/\/yH5BAEAAAAALAAAAAABAAEAAAIBRAA7\" data-src=\"https:\/\/ecologiashibridas.cl\/wp-content\/uploads\/2023\/11\/footer4-02-scaled.jpg\" data-srcset=\"https:\/\/ecologiashibridas.cl\/wp-content\/uploads\/2023\/11\/footer4-02-scaled.jpg 2560w, https:\/\/ecologiashibridas.cl\/wp-content\/uploads\/2023\/11\/footer4-02-300x80.jpg 300w, https:\/\/ecologiashibridas.cl\/wp-content\/uploads\/2023\/11\/footer4-02-1024x273.jpg 1024w, https:\/\/ecologiashibridas.cl\/wp-content\/uploads\/2023\/11\/footer4-02-768x205.jpg 768w, https:\/\/ecologiashibridas.cl\/wp-content\/uploads\/2023\/11\/footer4-02-1536x409.jpg 1536w, https:\/\/ecologiashibridas.cl\/wp-content\/uploads\/2023\/11\/footer4-02-2048x546.jpg 2048w, https:\/\/ecologiashibridas.cl\/wp-content\/uploads\/2023\/11\/footer4-02-350x93.jpg 350w, https:\/\/ecologiashibridas.cl\/wp-content\/uploads\/2023\/11\/footer4-02-650x173.jpg 650w, https:\/\/ecologiashibridas.cl\/wp-content\/uploads\/2023\/11\/footer4-02-1000x266.jpg 1000w, https:\/\/ecologiashibridas.cl\/wp-content\/uploads\/2023\/11\/footer4-02-2000x533.jpg 2000w\" data-sizes=\"(max-width: 480px) 320px,(max-width: 767px) 500px,(max-width: 2560px) 100vw, 2560px\" width=\"2560\" height=\"682\" \/><\/span><\/div><\/figure><\/div><\/div><\/div><\/div>","protected":false},"excerpt":{"rendered":"<p>Inteligencia del Agua\u00bfC\u00f3mo comprender entonces la inteligencia del agua?Generative exploration &hellip;<\/p>\n","protected":false},"author":1,"featured_media":0,"parent":0,"menu_order":0,"comment_status":"closed","ping_status":"closed","template":"","meta":{"footnotes":""},"_links":{"self":[{"href":"https:\/\/ecologiashibridas.cl\/index.php\/wp-json\/wp\/v2\/pages\/1472"}],"collection":[{"href":"https:\/\/ecologiashibridas.cl\/index.php\/wp-json\/wp\/v2\/pages"}],"about":[{"href":"https:\/\/ecologiashibridas.cl\/index.php\/wp-json\/wp\/v2\/types\/page"}],"author":[{"embeddable":true,"href":"https:\/\/ecologiashibridas.cl\/index.php\/wp-json\/wp\/v2\/users\/1"}],"replies":[{"embeddable":true,"href":"https:\/\/ecologiashibridas.cl\/index.php\/wp-json\/wp\/v2\/comments?post=1472"}],"version-history":[{"count":1,"href":"https:\/\/ecologiashibridas.cl\/index.php\/wp-json\/wp\/v2\/pages\/1472\/revisions"}],"predecessor-version":[{"id":1480,"href":"https:\/\/ecologiashibridas.cl\/index.php\/wp-json\/wp\/v2\/pages\/1472\/revisions\/1480"}],"wp:attachment":[{"href":"https:\/\/ecologiashibridas.cl\/index.php\/wp-json\/wp\/v2\/media?parent=1472"}],"curies":[{"name":"wp","href":"https:\/\/api.w.org\/{rel}","templated":true}]}}