{"id":26,"date":"2022-04-18T02:25:08","date_gmt":"2022-04-18T02:25:08","guid":{"rendered":"http:\/\/ecologiashibridas.cl\/?page_id=6"},"modified":"2024-06-21T17:37:28","modified_gmt":"2024-06-21T20:37:28","slug":"home","status":"publish","type":"page","link":"https:\/\/ecologiashibridas.cl\/","title":{"rendered":"Home"},"content":{"rendered":"<div class=\"bm-builder clearfix \"><div id=\"\" class=\"module col-0 module-id-1760708921155 module-animation\" data-module-col=\"0\"><div class=\"module-inside embed-inside module-line\" style=\"--cornerRadius:0px 0px 0px 0px ; --line-border: 3px; --top-mod: 0px;--bottom-mod: 0px;--top-mod-t: 0px;--bottom-mod-t: 0px;--top-mod-m:0px;--bottom-mod-m:0px;\" ><div class=\"embed-wrap  \" style=\"\" data-animation=\"fadein\"><div class=\"embed-hostedvideo-wrap  \" style=\"\"><video class=\"embed-hostedvideo lazy\" poster=\"\" playsinline loop muted autoplay><source data-src=\"http:\/\/ecologiashibridas.cl\/wp-content\/uploads\/2025\/10\/M-2.mp4\" type=\"video\/mp4\"><\/video><div class=\"hostedvideo-plays-btn\"><svg fill=\"#555\" class=\"hostedvideo-svg-play\" height=\"48\" viewBox=\"0 0 48 48\" width=\"48\" xmlns=\"http:\/\/www.w3.org\/2000\/svg\"><path d=\"M-838-2232H562v3600H-838z\" fill=\"none\"><\/path><path d=\"M16 10v28l22-14z\"><\/path><path d=\"M0 0h48v48H0z\" fill=\"none\"><\/path><\/svg><svg fill=\"#555\" class=\"hostedvideo-svg-pause\" height=\"48\" viewBox=\"0 0 48 48\" width=\"48\" xmlns=\"http:\/\/www.w3.org\/2000\/svg\"><path d=\"M12 38h8V10h-8v28zm16-28v28h8V10h-8z\"><\/path><path d=\"M0 0h48v48H0z\" fill=\"none\"><\/path><\/svg><\/div><div class=\"hostedvideo-mute-btn\" style=\"--muteBtnColor:#555\"><svg fill=\"#555\" class=\"hostedvideo-svg-mute\" height=\"48\" version=\"1.1\" viewBox=\"0 0 48 48\" width=\"48\" xml:space=\"preserve\" xmlns=\"http:\/\/www.w3.org\/2000\/svg\"><path d=\"M23.727 16.403v24.134a8.296 8.296 0 0 0-4.35-1.233c-4.612 0-8.353 3.74-8.353 8.349a8.354 8.354 0 0 0 8.353 8.354c4.61 0 8.349-3.739 8.35-8.352V25.151l21.25-6.109V33.33a8.296 8.296 0 0 0-4.35-1.233c-4.614 0-8.353 3.739-8.353 8.348a8.354 8.354 0 0 0 8.353 8.354c4.344 0 7.914-3.325 8.31-7.57h.04V7.993l-29.25 8.41z\"><\/path><\/svg><\/div><\/div><\/div><\/div><\/div><div id=\"\" class=\"module col-0 module-id-1700758697646 bm-wrap row-top row-left bm-force-full bm-wrap-height-auto bm-wrap-no-gap col-offset-1\" data-module-col=\"0\" data-change-color=\"off\" data-backcolor=\"transparent\" data-frontcolor=\"\" data-logocolor=\"\" data-goto-top=\"off\" data-goto-top-spacing=\"0\" data-goto-disable-m=\"off\" data-groupsameheight=\"off\"><div class=\"module-inside group-inside\" style=\"--cornerRadius:0px 0px 0px 0px ; --top-mod: 0px;--bottom-mod: 0px;--top-mod-t: 0px;--bottom-mod-t: 0px;--top-mod-m:0px;--bottom-mod-m:0px;\" ><div id=\"\" class=\"module col-0 module-id-1700759421753 col-offset-3\" data-module-col=\"0\"><div class=\"module-inside divide-inside\" style=\"--top-mod: 0px;--bottom-mod: 0px;--top-mod-t: 0px;--bottom-mod-t: 0px;--top-mod-m:0px;--bottom-mod-m:0px;\" ><div class=\"sea-divide divide-blank\"><\/div><\/div><\/div><div id=\"\" class=\"module col-12 module-id-1757376364544\" data-module-col=\"12\"><div class=\"module-inside text-inside\" style=\"--top-mod: 0px;--bottom-mod: 0px;--top-mod-t: 0px;--bottom-mod-t: 0px;--top-mod-m:0px;--bottom-mod-m:0px;\" ><div class=\"text_block_out\"  data-effect=\"standard\" style=\"\"><div class=\"text_block ux-mod-nobg\"><div class=\"text_block_inn\"><div id=\"text-1757376364544\" class=\"text_block_centered text_block_centered_enable_width\"  style=\"\"><div id=\"\" class=\"module col-6 module-id-1700755268116 col-offset-3 ui-sortable-handle\" data-module-col=\"6\">\n<div class=\"module-inside text-inside\">\n<div class=\"text_block_out\" data-effect=\"standard\">\n<div class=\"text_block ux-mod-nobg\">\n<div class=\"text_block_inn\">\n<div id=\"text-1700755268116\" class=\"text_block_centered text_block_centered_enable_width\">\n<p style=\"text-align: center;\">Ecolog\u00edas H\u00edbridas es un proyecto de investigaci\u00f3n-creaci\u00f3n interdisciplinario que explora la relaci\u00f3n entre la Inteligencia Artificial y los costos ambientales a esta tecnolog\u00eda.<\/p>\n<p style=\"text-align: center;\"><br>Este proyecto es una invitaci\u00f3n a superar la dicotom\u00eda entre naturaleza y tecnolog\u00eda, evidenciando c\u00f3mo la IA habita y crea una ecolog\u00eda h\u00edbrida, constituida por relaciones de interdependencia entre agencias humanas y no-humanas.<\/p>\n<\/div>\n<\/div>\n<\/div>\n<\/div>\n<\/div>\n<\/div><\/div><\/div><\/div><\/div><\/div><\/div><div id=\"\" class=\"module col-12 module-id-1700760133214swbSA col-offset-0\" data-module-col=\"12\"><div class=\"module-inside divide-inside\" style=\"--top-mod: 0px;--bottom-mod: 0px;--top-mod-t: 0px;--bottom-mod-t: 0px;--top-mod-m:0px;--bottom-mod-m:0px;\" ><div class=\"sea-divide divide-blank\"><\/div><\/div><\/div><div id=\"\" class=\"module col-4 module-id-1700768024379 col-offset-4\" data-module-col=\"4\"><div class=\"module-inside button-inside\" style=\"--top-mod: 0px;--bottom-mod: 0px;--top-mod-t: 0px;--bottom-mod-t: 0px;--top-mod-m:0px;--bottom-mod-m:0px;\" ><div class=\"btn-mod-wrap btn-1700768024379 btn-center btn-center-m ux-horizontal ux-btn-wrap-regular\" style=\"\"><a class=\"ux-btn ux-btn-a-0 ux-cb-btn-1700768024379_0 fadeInM \" style=\"--fontsizeBtn: 16px;--fontsizeBtnT: 16px;--fontsizeBtnM: 14px;--lineHeightBtn: 1.5;--letterSpacingBtn: normal;\" href=\"http:\/\/ecologiashibridas.cl\/index.php\/proyecto\/\" target=\"_self\" rel=\" \" ><span class=\"ux-btn-text-wrap\"><span class=\"ux-btn-text\">Ver m\u00e1s<\/span><\/span><\/a><\/div><\/div><\/div><\/div><\/div><div id=\"\" class=\"module col-4 module-id-1758645366518 col-offset-4\" data-module-col=\"4\"><div class=\"module-inside divide-inside\" style=\"--top-mod: 100px;--bottom-mod: 100px;--top-mod-t: 100px;--bottom-mod-t: 100px;--top-mod-m:100px;--bottom-mod-m:100px;\" ><div class=\"sea-divide divide-line ux-mod-nobg\" ><\/div><\/div><\/div><div id=\"\" class=\"module col-8 module-id-17573754112637KiZ7 col-offset-2\" data-module-col=\"8\"><div class=\"module-inside text-inside\" style=\"--top-mod: 0px;--bottom-mod: 0px;--top-mod-t: 0px;--bottom-mod-t: 0px;--top-mod-m:0px;--bottom-mod-m:0px;\" ><div class=\"text_block_out\"  data-effect=\"standard\" style=\"\"><div class=\"text_block ux-mod-nobg\"><div class=\"text_block_inn\"><div id=\"text-17573754112637KiZ7\" class=\"text_block_centered text_block_centered_enable_width\"  style=\"\"><p style=\"text-align: center;\">Este esfuerzo colaborativo de investigaci\u00f3n-creaci\u00f3n se ha materializado a trav\u00e9s de dos instalaciones interactivas. La primera tuvo lugar en el<a class=\"\" href=\"https:\/\/ecologiashibridas.cl\/index.php\/instalacion-interactiva\/\" target=\"\"> Centro Cultural La Moneda,<\/a> Santiago, entre diciembre de 2023 y abril de 2024, mientras que la segunda se desarroll\u00f3 en la <a class=\"\" href=\"https:\/\/ecologiashibridas.cl\/index.php\/__trashed-2\/\" target=\"\">Bienal de Venecia 2025.<\/a><\/p>\n<p>&nbsp;<\/p>\n<p style=\"text-align: center;\">Cada instalaci\u00f3n ha constituido una oportunidad para explorar nuevas formas de sensibilizaci\u00f3n sobre las relaciones entre tecnolog\u00eda y ecosistemas terrestres, dialogando con p\u00fablicos locales e internacionales sobre las interdependencias que sustentan la inteligencia artificial.<\/p><\/div><\/div><\/div><\/div><\/div><\/div><div id=\"\" class=\"module col-12 module-id-1758670002535\" data-module-col=\"12\"><div class=\"module-inside single-image-inside\" style=\"--cornerRadius:0px 0px 0px 0px ; --top-mod: 100px;--bottom-mod: 0px;--top-mod-t: 100px;--bottom-mod-t: 0px;--top-mod-m:100px;--bottom-mod-m:0px;\" ><div class=\"single-image-out  \"  ><figure class=\"single-image   single-image-full   \" no><div class=\"ux-hover-wrap anima-wrap\" style=\"padding-top: 35.66384180791%;\"><span class=\"ux-hover-wrap-a\"><img loading=\"lazy\" decoding=\"async\" alt=\"Imagen\" class=\"single-image-img img1st lazy \" src=\"data:image\/gif;base64,R0lGODlhAQABAIAAAAAAAP\/\/\/yH5BAEAAAAALAAAAAABAAEAAAIBRAA7\" data-src=\"https:\/\/ecologiashibridas.cl\/wp-content\/uploads\/2025\/09\/Captura-de-pantalla-2025-09-23-a-las-8.23.57\u202fp.m.png\" data-srcset=\"https:\/\/ecologiashibridas.cl\/wp-content\/uploads\/2025\/09\/Captura-de-pantalla-2025-09-23-a-las-8.23.57\u202fp.m.png 2832w, https:\/\/ecologiashibridas.cl\/wp-content\/uploads\/2025\/09\/Captura-de-pantalla-2025-09-23-a-las-8.23.57\u202fp.m-300x107.png 300w, https:\/\/ecologiashibridas.cl\/wp-content\/uploads\/2025\/09\/Captura-de-pantalla-2025-09-23-a-las-8.23.57\u202fp.m-1024x365.png 1024w, https:\/\/ecologiashibridas.cl\/wp-content\/uploads\/2025\/09\/Captura-de-pantalla-2025-09-23-a-las-8.23.57\u202fp.m-768x274.png 768w, https:\/\/ecologiashibridas.cl\/wp-content\/uploads\/2025\/09\/Captura-de-pantalla-2025-09-23-a-las-8.23.57\u202fp.m-1536x548.png 1536w, https:\/\/ecologiashibridas.cl\/wp-content\/uploads\/2025\/09\/Captura-de-pantalla-2025-09-23-a-las-8.23.57\u202fp.m-2048x730.png 2048w, https:\/\/ecologiashibridas.cl\/wp-content\/uploads\/2025\/09\/Captura-de-pantalla-2025-09-23-a-las-8.23.57\u202fp.m-350x125.png 350w, https:\/\/ecologiashibridas.cl\/wp-content\/uploads\/2025\/09\/Captura-de-pantalla-2025-09-23-a-las-8.23.57\u202fp.m-650x232.png 650w, https:\/\/ecologiashibridas.cl\/wp-content\/uploads\/2025\/09\/Captura-de-pantalla-2025-09-23-a-las-8.23.57\u202fp.m-1000x357.png 1000w, https:\/\/ecologiashibridas.cl\/wp-content\/uploads\/2025\/09\/Captura-de-pantalla-2025-09-23-a-las-8.23.57\u202fp.m-2000x713.png 2000w\" data-sizes=\"(max-width: 480px) 320px,(max-width: 767px) 500px,(max-width: 2832px) 100vw, 2832px\" width=\"2832\" height=\"1010\" \/><\/span><\/div><\/figure><\/div><\/div><\/div><div id=\"\" class=\"module col-12 module-id-1701135132527 bm-wrap row-top row-left bm-wrap-height-auto\" data-module-col=\"12\" data-change-color=\"off\" data-backcolor=\"transparent\" data-frontcolor=\"\" data-logocolor=\"\" data-goto-top=\"off\" data-goto-top-spacing=\"0\" data-goto-disable-m=\"off\" data-groupsameheight=\"off\"><div class=\"module-inside group-inside\" style=\"--cornerRadius:0px 0px 0px 0px ; --top-mod: 140px;--bottom-mod: 0px;--top-mod-t: 140px;--bottom-mod-t: 0px;--top-mod-m:70px;--bottom-mod-m:0px;\" ><div id=\"\" class=\"module col-0 module-id-1701135146463\" data-module-col=\"0\"><div class=\"module-inside single-image-inside\" style=\"--cornerRadius:0px 0px 0px 0px ; --top-mod: 0px;--bottom-mod: 0px;--top-mod-t: 0px;--bottom-mod-t: 0px;--top-mod-m:0px;--bottom-mod-m:0px;\" ><div class=\"single-image-out  \"  ><figure class=\"single-image   single-image-full   \" no><div class=\"ux-hover-wrap anima-wrap\" style=\"padding-top: 26.640625%;\"><span class=\"ux-hover-wrap-a\"><img loading=\"lazy\" decoding=\"async\" alt=\"footer4-02\" class=\"single-image-img img1st lazy \" src=\"data:image\/gif;base64,R0lGODlhAQABAIAAAAAAAP\/\/\/yH5BAEAAAAALAAAAAABAAEAAAIBRAA7\" data-src=\"https:\/\/ecologiashibridas.cl\/wp-content\/uploads\/2023\/11\/footer4-02-scaled.jpg\" data-srcset=\"https:\/\/ecologiashibridas.cl\/wp-content\/uploads\/2023\/11\/footer4-02-scaled.jpg 2560w, https:\/\/ecologiashibridas.cl\/wp-content\/uploads\/2023\/11\/footer4-02-300x80.jpg 300w, https:\/\/ecologiashibridas.cl\/wp-content\/uploads\/2023\/11\/footer4-02-1024x273.jpg 1024w, https:\/\/ecologiashibridas.cl\/wp-content\/uploads\/2023\/11\/footer4-02-768x205.jpg 768w, https:\/\/ecologiashibridas.cl\/wp-content\/uploads\/2023\/11\/footer4-02-1536x409.jpg 1536w, https:\/\/ecologiashibridas.cl\/wp-content\/uploads\/2023\/11\/footer4-02-2048x546.jpg 2048w, https:\/\/ecologiashibridas.cl\/wp-content\/uploads\/2023\/11\/footer4-02-350x93.jpg 350w, https:\/\/ecologiashibridas.cl\/wp-content\/uploads\/2023\/11\/footer4-02-650x173.jpg 650w, https:\/\/ecologiashibridas.cl\/wp-content\/uploads\/2023\/11\/footer4-02-1000x266.jpg 1000w, https:\/\/ecologiashibridas.cl\/wp-content\/uploads\/2023\/11\/footer4-02-2000x533.jpg 2000w\" data-sizes=\"(max-width: 480px) 320px,(max-width: 767px) 500px,(max-width: 2560px) 100vw, 2560px\" width=\"2560\" height=\"682\" \/><\/span><\/div><\/figure><\/div><\/div><\/div><\/div><\/div><\/div>","protected":false},"excerpt":{"rendered":"<p>Ecolog\u00edas H\u00edbridas es un proyecto de investigaci\u00f3n-creaci\u00f3n interdisciplinario que explora &hellip;<\/p>\n","protected":false},"author":3,"featured_media":0,"parent":0,"menu_order":0,"comment_status":"closed","ping_status":"closed","template":"","meta":{"footnotes":""},"_links":{"self":[{"href":"https:\/\/ecologiashibridas.cl\/index.php\/wp-json\/wp\/v2\/pages\/26"}],"collection":[{"href":"https:\/\/ecologiashibridas.cl\/index.php\/wp-json\/wp\/v2\/pages"}],"about":[{"href":"https:\/\/ecologiashibridas.cl\/index.php\/wp-json\/wp\/v2\/types\/page"}],"author":[{"embeddable":true,"href":"https:\/\/ecologiashibridas.cl\/index.php\/wp-json\/wp\/v2\/users\/3"}],"replies":[{"embeddable":true,"href":"https:\/\/ecologiashibridas.cl\/index.php\/wp-json\/wp\/v2\/comments?post=26"}],"version-history":[{"count":1,"href":"https:\/\/ecologiashibridas.cl\/index.php\/wp-json\/wp\/v2\/pages\/26\/revisions"}],"predecessor-version":[{"id":399,"href":"https:\/\/ecologiashibridas.cl\/index.php\/wp-json\/wp\/v2\/pages\/26\/revisions\/399"}],"wp:attachment":[{"href":"https:\/\/ecologiashibridas.cl\/index.php\/wp-json\/wp\/v2\/media?parent=26"}],"curies":[{"name":"wp","href":"https:\/\/api.w.org\/{rel}","templated":true}]}}